= 116*g**2 + 3. Let l(r) = 3*d(r) - 5*x(r). What is l(t)?
11
Let b(s) = s + 7. Let l(d) be the first derivative of 2*d**3/3 + 10*d**2 - 6*d + 1. Let f be l(-10). Determine b(f).
1
Suppose x + 4*y - 8*y = -1, 0 = 5*x - y + 24. Let f(b) = b**3 + 6*b**2 + 4*b - 5. Give f(x).
0
Let a(j) be the third derivative of j**4/24 + j**3/3 + 28*j**2. Suppose 2*m = 7*m. Determine a(m).
2
Let m(r) be the first derivative of r**3/3 + 19*r**2/2 + 7*r - 740. Give m(-20).
27
Let n(b) = 4*b + 9. Let j be n(-6). Let m be (j - -14) + 6/(-2). Let h(l) = -l. Let f(p) = p + 1. Let i(z) = m*h(z) - 5*f(z). What is i(0)?
-5
Let p(n) = 32 + 392*n + 12 - 387*n. Determine p(-7).
9
Let i(l) = -4*l**3 - 12*l - 4*l**3 - 7*l**3 - 19 - 12*l**2 + 22*l**3 - 6*l**3. Determine i(13).
-6
Let k(w) = -3*w**2 - 7. Let o(m) = -m**2 - 1. Let r(g) = k(g) - 6*o(g). Suppose 11*v + 6 = 17*v. Determine r(v).
2
Suppose -3*u = -7*u. Let d be (1 - u)*-3 + 5. Let q(c) = 2 - d - 5*c**3 + 2*c + 1. Give q(-1).
4
Let g(o) = 2*o**2 - 5*o + 4. Suppose -3*j + 5*n - 1 = 0, 10 = -4*j - 4*n + 2*n. Let z = 5 + j. What is g(z)?
7
Let j = 19 - 24. Let b(a) be the first derivative of -a**3/3 - 3*a**2 + a - 11. Calculate b(j).
6
Let z(l) = -l**2 - 8. Let n(w) = w**2 - 4*w - 5. Let f be -4 + 5 - 1*-19. Suppose p - 4*q + f = 5*p, -5*p + 25 = -5*q. Let y be n(p). Give z(y).
-8
Let s(h) = -2*h**2 - 2*h - 1. Suppose 19*r + 33 = -5. Give s(r).
-5
Let j(d) = -17*d**2 + 27*d + 2. Let i(r) = 8*r**2 - 12*r - 1. Let m(w) = 9*i(w) + 4*j(w). Calculate m(2).
15
Let j(c) = c**3 - 14*c**2 - 14*c - 20. Let q be j(15). Let y(m) = m**3 - 3*m - 3. Let z(i) = i**2 - i - 1. Let l(k) = -y(k) - 4*z(k). Give l(q).
-3
Let r(z) = 6*z**3 + 27*z - 5. Let d(t) = -t**3 - t**2 - 6*t + 1. Let u(m) = 4*d(m) + r(m). What is u(2)?
5
Suppose 6 = -84*s + 85*s. Let d(p) = -p**2 + 3*p + 5. Give d(s).
-13
Suppose -261 = 12*y - 285. Let k(v) = 6*v**3 + v**2 - 2*v - 1. Give k(y).
47
Let l(g) = -g**2 - g - 2. Let b(p) = 6*p**2 - 2*p + 5. Let v(o) = -b(o) - 3*l(o). Determine v(4).
-27
Let h be (4/2)/(-7 + 8). Let t(k) = -107*k**h + 108*k**2 + 4 - 8. Suppose z + 4*o + 11 = -2, -3*z = 2*o - 1. Give t(z).
5
Let d(u) = 5*u**3 + u**2 - u - 2. Let g be (-4)/28 - (3 - (-105)/(-49)). What is d(g)?
-5
Suppose -8 - 12 = -10*u. Let b(w) be the second derivative of 1/2*w**u - 5*w + 0 + 1/6*w**3. Calculate b(4).
5
Let w(l) = -l**2 + 6*l + 6. Let i = -32 + 34. Suppose f + i = 2*f. Let q be (-1)/f*(-48)/4. Give w(q).
6
Let q(z) = 2*z**2 - 7*z - 21. Let i(p) = p**2 - 4*p - 10. Let f(v) = 7*i(v) - 3*q(v). Give f(6).
-13
Let w be 8/4*84/8. Let j = w + -17. Let q(p) be the second derivative of p**5/20 - 5*p**4/12 + 2*p**3/3 + 3*p**2/2 + 2*p. Determine q(j).
3
Let v = -1338 - -1344. Let z(q) = -q**2 + 4*q - 3. Let u be z(3). Let j(b) = b - 5 - 4 + u*b. What is j(v)?
-3
Let p(c) be the third derivative of -c**4/24 - 5*c**3/6 + 4*c**2. Let y be 1 - (-12)/(-10) - 117/15. Determine p(y).
3
Let i(w) = -w**3 - 2*w**2 + 3*w + 4. Let m be i(-3). Let d be m/6 - (-132)/18. Let q = d + -14. Let l(t) = t**2 + 6*t + 5. Give l(q).
5
Let r(c) = 6*c - 4 - 3*c - 6*c - c**2 + 2. Suppose u = -4*u - 25. What is r(u)?
-12
Let v(l) = -5*l - 21. Let h be v(-5). Let w(s) = s**3 - 4*s**2 + 4*s - 9. Calculate w(h).
7
Suppose 5*s + 45 = 5*i, 2*s = 3*s + i - 1. Let a(r) = -56*r - r**2 - 86*r - 1 + 141*r. Determine a(s).
-13
Let x(o) = -o**3 - 7*o**2 + 9*o + 6. Let g be ((-6)/9)/((4 - 9)/(-60)). Calculate x(g).
-2
Let j(u) = 3*u**3 + 33*u**2 - 29*u - 74. Let n(m) = -5*m**3 - 49*m**2 + 43*m + 113. Let z(y) = 8*j(y) + 5*n(y). Calculate z(18).
-9
Let h(n) = n**3 + n**2 - n - 4. Suppose -12 = 7*a - a. What is h(a)?
-6
Let n = 26 + -24. Let v(o) = 5*o**3 - n*o - 3 + 80*o**2 - 4*o**3 + 4 - 75*o**2. Calculate v(-5).
11
Suppose 4*i = 83*i + 632. Let t(w) = -4*w + 64. Let j(x) = -x + 13. Let n(r) = 14*j(r) - 3*t(r). Determine n(i).
6
Suppose 0 = -2*z + 3*j - 14, 0 = 10*z - 5*z + 2*j + 35. Let i(v) = 4*v + 1. What is i(z)?
-27
Suppose 2 + 6 = -4*o. Let m(d) be the first derivative of d**4/6 + d**3/6 + d**2/2 + 15*d + 8. Let k(n) be the first derivative of m(n). Determine k(o).
7
Let d(c) = -5*c**2 - 5*c - 2. Let y(q) = q**3 - q**2 - q + 1. Let z(b) = d(b) + y(b). What is z(7)?
6
Let i(v) = 25*v**2 - 3*v + 2. Let h be i(1). Suppose 4*f - 8*f = -h. Let y(j) = -j**2 - 1 + 0 - 3 + j**3 - 6*j**2 + 4*j. What is y(f)?
-16
Suppose -3*u - 4 = n, -5*u - 51*n = -50*n + 10. Let c(q) = -2*q + 5. Determine c(u).
11
Let m be (16/(-12))/(2/(-3)). Suppose 0 = 3*b - 5*b - t - 3, -6 = -3*b + m*t. Let k(p) = -6 + b + 2 + 2 - p. Give k(-4).
2
Let k(o) = 7*o**3 + 13*o**2 + 13*o - 9. Let d(l) = -13*l**3 - 25*l**2 - 25*l + 17. Let q(r) = -6*d(r) - 11*k(r). What is q(-6)?
-9
Let s be (-3 - -5)*(-2 - -3). Suppose s*g - 4*f + f + 23 = 0, 2*g - 5*f = -33. Let o(b) = -b**2 - 3*b + 3. What is o(g)?
-1
Let w = 4495/6 + -749. Let a(r) be the third derivative of 6*r**2 + 0 - w*r**3 + 0*r - 1/24*r**4. Give a(-2).
1
Let j(k) = k + 8. Let p(x) = -2*x - 13. Let d(z) = 5*j(z) + 3*p(z). Suppose -3*g + 4*l + 26 = 0, -4*l - 3 = 2*g - 7. Determine d(g).
-5
Let g(v) = v**2 - 5*v - 2. Let w(d) = -2 + 3 - 6*d - 4 + 2*d**2. Let a(m) = -4*g(m) + 3*w(m). Let h(o) be the first derivative of a(o). What is h(2)?
10
Let f(n) = n**3 - 6*n**2 + 4*n + 5. Let i be (6 - (-10)/(-15)*15) + 9. Calculate f(i).
0
Let x(y) = -y**2 - 8*y - 3. Suppose 192 = -33*r + r. Calculate x(r).
9
Let i(n) = -n. Let t(c) = c - 37. Let p(w) = -3*i(w) - t(w). Let s be p(-16). Let u(o) = 2*o + 1 - o - 4 + 2. What is u(s)?
4
Suppose 5*t + 0*v - 2*v - 290 = 0, -t - 5*v + 85 = 0. Let a(l) = 2 + 56*l + 0 - t*l. Let z(c) = c + 1. Let p be z(-3). Calculate a(p).
10
Let w(u) = u**2 + u + 6. Let d = 63 - 60. Suppose q = -2*a + d - 1, 2*a + 3*q - 6 = 0. Determine w(a).
6
Let s(t) = -325*t**2 + t**3 + 316*t**2 + 0*t**3 + 6*t + 7. What is s(8)?
-9
Suppose 0 = 8*h + 12*h + 160. Let m(v) = -v**3 - 9*v**2 - 7*v - 2. What is m(h)?
-10
Let o(v) = -5*v + 41. Let u(r) = r - 3. Let n(a) = o(a) + 7*u(a). Calculate n(-8).
4
Let q(s) be the third derivative of -s**6/120 + 11*s**5/60 - s**4/8 + 25*s**3/6 + 523*s**2. Determine q(11).
-8
Let v(a) = -3*a - 12. Let y be (0 - -4)*(35/(-14) + 1). Give v(y).
6
Let i(j) = 32*j + 227. Let b be i(-7). Let f(s) = -s**2 + 6*s + 4. Let g be f(6). Let t(c) = -5*c**2 - 8*c**3 + g + 7*c + 7*c**b + 4. Determine t(-6).
2
Suppose 0 = 11*v - 12*v + 3. Let y(x) = 5*x**3 + 12*x**2 + x + 4. Let u(d) = 3*d**3 + 8*d**2 + d + 2. Let i(c) = 8*u(c) - 5*y(c). Determine i(v).
14
Let g(c) = -c - 5. Let n be g(-14). Let i(k) = k**2 - 2 + n*k - 3 + 5 + 4. What is i(-8)?
-4
Suppose -11*w - 34 - 21 = 0. Let y(q) be the second derivative of -q - 1/12*q**4 - 2/3*q**3 + 1/2*q**2 + 0. Determine y(w).
-4
Let y be (-165)/(-60) + (-5)/4. Let n(f) be the second derivative of 0*f**3 + y*f**2 - 1/12*f**4 + 0 - 4*f - 1/20*f**5. Determine n(0).
3
Let m(f) = -f**2 - 3*f + 2. Suppose s + 3 = 2*b, 0 = 4*s + b + 15 - 3. Give m(s).
2
Suppose 19*m + 6 = 22*m. Let k(d) = 6*d - 2 + 15*d**2 - 32*d**2 + 18*d**m + 8. Calculate k(-5).
1
Let p(i) = i**2 + 8*i + 7. Let k be ((-4)/10)/((-2)/10). Suppose -3*f + d = 5*d - 20, -k*f - 2*d = -12. Suppose 7*j - f*j + 18 = 0. What is p(j)?
-5
Let z(a) = -4 - 173*a**2 + 0 + 172*a**2 - 11*a. Give z(-9).
14
Let n(w) = w**3 - 19*w**2 - 8*w + 146. Let u be n(19). Let r(q) = -q**3 - 8*q**2 - 7*q + 5. Determine r(u).
-25
Let z(d) = 9*d - 9. Suppose -15 = -4*r - r. Let f(n) = -4*n + 4. Let g(y) = r*z(y) + 7*f(y). What is g(1)?
0
Let z(c) = -21*c + 152. Let q be z(7). Let g(f) = f + 2. Calculate g(q).
7
Let z(l) be the third derivative of l**5/60 + 7*l**4/24 + l**3/3 - 34*l**2 - 3. Let s = -4 - 1. Determine z(s).
-8
Let w be (-2 + 4)*(-10)/4. Let p = -2 - w. Let u(t) = -t + 4. Let r(i) = i - 3. Let m(j) = p*u(j) + 4*r(j). Give m(2).
2
Let c(y) = y**2 - 3*y - 4. Suppose -30 + 22 = -2*r. Suppose r*j - w - 32 + 7 = 0, 3*w + 35 = 4*j. Calculate c(j).
6
Let l(s) = -3*s - 17. Let q be l(-8). Suppose q*j = -5 - 16. Let d(n) = 5 + n**2 - 2 - 2*n**2. What is d(j)?
-6
Let d(g) = 7*g**2 + 0*g**2 - 4*g**2 - 11*g**2 + g - 1. Give d(-1).
-10
Let z = -59 - -62. Let a(o) = 2*o - z*o + 7*o + 2 - 3*o. Give a(6).
20
Let m(k) be the first derivative of k**4/4 - 3*k**3 + k**2/2 - k - 25. What is m(9)?
8
Let 